0 - r. What is the remainder when 16 is divided by w?
1
Let q(v) = v - 9. Let s = -21 + 73. Suppose -o - s = -5*o. What is the remainder when 5 is divided by q(o)?
1
Let p = -25 - -25. Calculate the remainder when ((-14)/10 + p)*-5 is divided by 5.
2
Let m = 4 - -28. What is the remainder when (-247)/(-2) - (-48)/m is divided by 32?
29
Let j(u) = -u + 58. Let l be j(17). Suppose -5*z + 374 = -l. Calculate the remainder when z is divided by 28.
27
Suppose -4*r - 2*g - 8 - 4 = 0, 14 = -3*r - 4*g. Suppose 0*i = -i + 107. What is the remainder when i is divided by (-55)/r + 0 + 5/(-10)?
26
Suppose j - 80 = -5. Let d = -1881 - -1907. Calculate the remainder when j is divided by d.
23
Suppose -z - 1 + 23 = 2*d, -4*d + 38 = -z. What is the remainder when 76 is divided by d?
6
Let w = -748 - -761. Calculate the remainder when 361 is divided by w.
10
Suppose 2*s = 163 + 987. Calculate the remainder when s is divided by 48.
47
What is the remainder when 61 - 16/12*-3 is divided by 15?
5
Let c be (4/(-2))/((-8)/(-20)). Suppose 4*y + 25 = 185. Calculate the remainder when y is divided by (-2)/c - 159/(-15).
7
Let x be (-9)/2*(-1 - 3). Let j = 16 - x. What is the remainder when ((-54)/30)/(j/10) is divided by 4?
1
Suppose 3*g + 84 = 7*g. Calculate the remainder when g is divided by 9/(-15) - 132/(-20)*1.
3
Calculate the remainder when (33/(-9))/(1/(-33)) is divided by 42.
37
Suppose -5*z + 638 = -a, -17*z = -15*z - 3*a - 250. Calculate the remainder when z is divided by 9.
2
Let c(g) = -42*g + 24 + g**2 + g**3 - 4*g**2 + 42*g. Calculate the remainder when 212 is divided by c(0).
20
Let z(b) = b + 1. Suppose 2 = 3*f + 8. Let d be z(f). Calculate the remainder when 89 is divided by (-45 - 1)/(-3 - d).
20
Let i(k) be the second derivative of 2*k**3/3 - 3*k**2/2 + 4*k + 1. Calculate the remainder when 32 is divided by i(5).
15
Suppose 5*w - 4536 = -3*y, 12*w - 1806 = 10*w - 4*y. Calculate the remainder when w is divided by 8.
5
Suppose 3*b = 5*m + 949, -2*b - 2*b = -m - 1237. Suppose -8*d = 68 - b. What is the remainder when 89 is divided by d?
29
Calculate the remainder when (-421)/(-5) - 144/120 is divided by 17.
15
Let q(m) = -2*m - 10. Suppose -3*a - 8 - 10 = 0. Let j be q(a). Suppose 101 = j*x + 15. What is the remainder when x is divided by 11?
10
Calculate the remainder when (20/(-8) - -2)*-534 is divided by 54.
51
Let d = -31 - -33. Suppose -6*l = -d*l - 580. Suppose 6*a - 29 = l. Calculate the remainder when a is divided by 16.
13
Let z(u) = -92*u - 1128. Calculate the remainder when 286 is divided by z(-13).
14
Let r be (6 + -4)/(2/5). Suppose r*c + 3*p = 72, -p - p = c - 13. Let v(o) = -45*o**3 - o**2 - o - 1. What is the remainder when v(-1) is divided by c?
14
Suppose -3*l + 4 = -2*l. Let k = 18 + -17. What is the remainder when l is divided by (-44)/110*(-4 - k)?
0
Calculate the remainder when 263 is divided by (4/(-8))/(286/72 + -4).
11
Let y = -599 - -650. Calculate the remainder when 270 is divided by y.
15
Let k = 144 + 12. Let w = k - 101. What is the remainder when 217 is divided by w?
52
Let a = 711 + -257. Calculate the remainder when a is divided by 66.
58
Let f = 44 + -26. What is the remainder when 573 is divided by f?
15
Let v(b) = 47*b**2 - 2*b - 1. Calculate the remainder when 135 is divided by v(1).
3
Let r be (2/6)/((-3)/9). Let y(s) = s**2 + 11*s + 15. Let g be y(-9). Calculate the remainder when (r/2)/(g/288) is divided by 17.
14
Suppose -8*b = -400 - 160. What is the remainder when b is divided by 9?
7
Let m = 21 - 5. Let h = 586 + -556. What is the remainder when h is divided by m?
14
Suppose 3*m - r - 8 = 0, -32*m + 27*m + 13 = -2*r. What is the remainder when m is divided by (-2)/8 - (-13)/4?
0
Suppose 4*v - f = 469, 5*v + 15*f - 555 = 10*f. Calculate the remainder when v is divided by 38.
2
Calculate the remainder when 31/(-2)*-2*1 is divided by ((-15)/(30/2))/((-2)/22).
9
Let b(q) = q - 2. Let h be b(0). Let m be (3/h)/(3/6). What is the remainder when 16 is divided by (-6)/((-11)/3 - m)?
7
Suppose 0 = 3*b - 6, -2*i - 2*i - 5*b + 54 = 0. Suppose 0 = q + k - 56, -10*q - 2*k = -7*q - 165. What is the remainder when q is divided by i?
9
Let b = -190 - -312. Calculate the remainder when b is divided by 16.
10
Let z = 42 - 29. Let c be (2/(-6))/((-26)/4992). Suppose 3*q - 8 = c. Calculate the remainder when q is divided by z.
11
Let u = -37 - -91. Calculate the remainder when u is divided by 30.
24
Suppose 0 = -5*u + 141 + 109. Suppose o - 21 + 49 = 0. Let g = u + o. What is the remainder when 41 is divided by g?
19
Suppose 3*a = -2*a + 515. Suppose -4*d + a = -f + 6*f, -5*d - 130 = -5*f. What is the remainder when f is divided by 15?
8
Suppose 0 = 5*t - 2*l - l + 237, 4*t + 3*l = -168. Let f = t + 80. Calculate the remainder when f is divided by 6.
5
Let y = 3 + -3. Suppose l - 6*l - 3*z + 90 = y, -5*z = 4*l - 59. Let p = -18 + l. Calculate the remainder when 4 is divided by p.
1
Let l = 2715 - 2675. Suppose -134 = -b - 46. Suppose 4*y - b = -0*y. Calculate the remainder when l is divided by y.
18
Suppose 4*l - 54 = -3*c, 21*l + 8 = 22*l - 2*c. Calculate the remainder when 55 is divided by l.
7
Let r = -121 + 189. What is the remainder when r is divided by 19?
11
What is the remainder when 135 is divided by 0 - ((-69)/4 - (-32)/128)?
16
Let s be (0/1)/(3 + -8). Suppose s = -9*b - 5*b + 224. Calculate the remainder when 29 is divided by b.
13
Let r(k) = 2*k**2 - k - 2. Let j be r(-1). Suppose 3*m = 86 + j. What is the remainder when m is divided by (0 - 10)/(0 + -1)?
9
Let d be ((-2)/4)/(4/(-8)). Suppose 3*k - k - 4*c = 38, -4*c + 57 = 3*k. What is the remainder when (0 + 56)/d - 3 is divided by k?
15
Let r(t) = 3*t. Let m(h) = h**2 - h - 4. Let l be m(3). What is the remainder when 23 is divided by r(l)?
5
Suppose -23*x + 2*x + 441 = 0. Let b be (106/8)/(4/(-16)). Let l = 93 + b. What is the remainder when l is divided by x?
19
Suppose 0 = t - 0*t - 2. Let s = t + 11. Let v = s - 1. Calculate the remainder when v is divided by 7.
5
Suppose -2*q + r + 9 = 0, -2*r + 1 + 6 = q. Suppose -3*o + 330 = 3*x, 0*x + 545 = q*x + 4*o. Calculate the remainder when x is divided by 18.
15
Let v be (-18)/22 - 20/110. What is the remainder when 23 is divided by -6*(-35)/15 - 0/v?
9
Let g(d) = -42*d - 8. Suppose -5*n + 14 = w, 3*w - 7*w + 4*n - 16 = 0. Let s(b) = -b**3 + 5*b**2 - b - 3. Calculate the remainder when g(w) is divided by s(4).
7
Suppose 0 = -3*l - 3*p + 75, 0*l + 2*p = 3*l - 70. What is the remainder when 183 is divided by l?
15
Suppose 9*f - 80 = 11*f. Let s = f + 48. Calculate the remainder when 31 is divided by s.
7
Let q be (29 - 7) + -1 + 4. Suppose 5*g - 4*m = 116, 0*m = 4*g + 2*m - 72. What is the remainder when (380/q)/(4/10) is divided by g?
18
Let c(w) = w**3 - 3*w**2 - w + 5. Calculate the remainder when 92 is divided by c(4).
7
Let z = 17 + -13. Suppose -2*s = 3*m - 53, -4*s - z*m + 66 = -6*m. Calculate the remainder when (-294)/(-8) + (-5)/(-20) is divided by s.
18
Let d = -1175 + 1200. What is the remainder when d is divided by 20?
5
Suppose -7*o + 8*o + 5*q = 38, 4*q = o - 2. What is the remainder when 32 is divided by o?
14
Let l = -33 - -35. Suppose 4*p - 50 = l*t, 2*p + 2*t - 7*t - 37 = 0. Calculate the remainder when p is divided by 3.
2
Let c = -135 + 134. What is the remainder when 45 is divided by 21 + (-1 - (-4)/1)*c?
9
Let k(u) = 5*u**3 + 11*u**2 - 11*u + 3. Let d(g) = -g**3 - g**2 + g. Let n(q) = -4*d(q) - k(q). Calculate the remainder when n(-8) is divided by 4.
1
Let r(x) = -x**3 - 8*x**2 - 20*x - 86. What is the remainder when (-50)/(-3) - 4/6 is divided by r(-7)?
1
Let l(u) = 9*u - 16. Let m = 309 - 214. Suppose -t - m = -6*t. What is the remainder when t is divided by l(3)?
8
Let h(k) = -k**3 - 15*k**2 + k + 24. Suppose 0 = -9*d + 15*d - 84. What is the remainder when d is divided by h(-15)?
5
Let m(t) = t**3 + 5*t**2 - 7*t + 6. Calculate the remainder when 0 + (-206)/(-3) + 124/372 is divided by m(-6).
9
Suppose -2*j + 3*n - 147 = 0, 3*j + n + 301 = -j. Let b be (-145)/(-1)*(-45)/j. Suppose -9 = 6*q - b. Calculate the remainder when 64 is divided by q.
12
Let t(w) = w**2 + 9*w - 3. Let s be t(-10). Suppose s*u - 16 = 11*u. Calculate the remainder when (-1005)/(-27) + u/18 is divided by 13.
11
Let